hat is the remainder when 382 is divided by 104?
70
What is the remainder when 245 is divided by 68?
41
Calculate the remainder when 120 is divided by 91.
29
Calculate the remainder when 399 is divided by 195.
9
Calculate the remainder when 3335 is divided by 11.
2
What is the remainder when 2168 is divided by 31?
29
What is the remainder when 4881 is divided by 74?
71
Calculate the remainder when 429 is divided by 62.
57
Calculate the remainder when 40389 is divided by 9.
6
Calculate the remainder when 57511 is divided by 91.
90
Calculate the remainder when 4776 is divided by 56.
16
What is the remainder when 670 is divided by 95?
5
What is the remainder when 829 is divided by 64?
61
Calculate the remainder when 5035 is divided by 10.
5
What is the remainder when 209 is divided by 43?
37
Calculate the remainder when 12 is divided by 9.
3
Calculate the remainder when 2938 is divided by 210.
208
What is the remainder when 107 is divided by 22?
19
Calculate the remainder when 160 is divided by 44.
28
Calculate the remainder when 191 is divided by 22.
15
Calculate the remainder when 118 is divided by 41.
36
What is the remainder when 382 is divided by 47?
6
What is the remainder when 9025 is divided by 122?
119
Calculate the remainder when 60 is divided by 25.
10
What is the remainder when 141 is divided by 48?
45
Calculate the remainder when 3274 is divided by 52.
50
What is the remainder when 5503 is divided by 128?
127
Calculate the remainder when 2251 is divided by 7.
4
Calculate the remainder when 876 is divided by 374.
128
What is the remainder when 31 is divided by 13?
5
Calculate the remainder when 663 is divided by 107.
21
Calculate the remainder when 479 is divided by 61.
52
What is the remainder when 262 is divided by 75?
37
What is the remainder when 64 is divided by 22?
20
Calculate the remainder when 31 is divided by 9.
4
What is the remainder when 1247 is divided by 96?
95
Calculate the remainder when 1686 is divided by 121.
113
What is the remainder when 21 is divided by 20?
1
What is the remainder when 20 is divided by 5?
0
Calculate the remainder when 1459 is divided by 19.
15
What is the remainder when 18 is divided by 9?
0
What is the remainder when 272 is divided by 29?
11
Calculate the remainder when 625 is divided by 172.
109
What is the remainder when 96 is divided by 24?
0
What is the remainder when 9433 is divided by 30?
13
What is the remainder when 335 is divided by 9?
2
What is the remainder when 379 is divided by 141?
97
Calculate the remainder when 1595 is divided by 7.
6
Calculate the remainder when 4934 is divided by 449.
444
Calculate the remainder when 127 is divided by 116.
11
What is the remainder when 203 is divided by 34?
33
Calculate the remainder when 248 is divided by 7.
3
Calculate the remainder when 747 is divided by 150.
147
Calculate the remainder when 641 is divided by 120.
41
What is the remainder when 164 is divided by 58?
48
Calculate the remainder when 703 is divided by 44.
43
Calculate the remainder when 47 is divided by 25.
22
What is the remainder when 305 is divided by 147?
11
Calculate the remainder when 428 is divided by 228.
200
Calculate the remainder when 914 is divided by 31.
15
Calculate the remainder when 5087 is divided by 24.
23
Calculate the remainder when 329 is divided by 83.
80
Calculate the remainder when 45 is divided by 18.
9
What is the remainder when 1030 is divided by 47?
43
Calculate the remainder when 61 is divided by 34.
27
Calculate the remainder when 198 is divided by 62.
12
What is the remainder when 2056 is divided by 187?
186
What is the remainder when 23447 is divided by 175?
172
What is the remainder when 640 is divided by 65?
55
Calculate the remainder when 4520 is divided by 238.
236
What is the remainder when 1814 is divided by 15?
14
What is the remainder when 9760 is divided by 25?
10
Calculate the remainder when 235 is divided by 45.
10
What is the remainder when 41 is divided by 21?
20
What is the remainder when 287 is divided by 18?
17
Calculate the remainder when 317 is divided by 103.
8
What is the remainder when 93 is divided by 10?
3
What is the remainder when 108 is divided by 57?
51
Calculate the remainder when 70 is divided by 6.
4
Calculate the remainder when 248 is divided by 12.
8
What is the remainder when 19 is divided by 2?
1
Calculate the remainder when 32 is divided by 26.
6
Calculate the remainder when 505 is divided by 91.
50
What is the remainder when 130 is divided by 34?
28
What is the remainder when 85 is divided by 10?
5
What is the remainder when 342 is divided by 29?
23
What is the remainder when 203 is divided by 13?
8
Calculate the remainder when 626 is divided by 21.
17
What is the remainder when 729 is divided by 32?
25
What is the remainder when 9943 is divided by 45?
43
What is the remainder when 2403 is divided by 56?
51
What is the remainder when 3489 is divided by 290?
9
What is the remainder when 411 is divided by 13?
8
Calculate the remainder when 2965 is divided by 23.
21
Calculate the remainder when 4390 is divided by 24.
22
Calculate the remainder when 278 is divided by 28.
26
Calculate the remainder when 487 is divided by 61.
60
Calculate the remainder when 154 is divided by 26.
24
What is the remainder when 1438 is divided by 297?
250
What is the remainder when 334 is divided by 26?
22
What is the remainder when 335 is divided by 24?
23
Calculate the remainder when 6208 is divided by 42.
34
What is the remainder when 220 is divided by 37?
35
Calculate the remainder when 676 is divided by 68.
64
What is the remainder when 1627 is divided by 15?
7
What is the remainder when 255 is divided by 133?
122
What is the remainder when 1349 is divided by 674?
1
Calculate the remainder when 791 is divided by 97.
15
Calculate the remainder when 113 is divided by 18.
5
What is the remainder when 547 is divided by 170?
37
Calculate the remainder when 5224 is divided by 6.
4
What is the remainder when 598 is divided by 86?
82
What is the remainder when 331 is divided by 171?
160
What is the remainder when 147 is divided by 26?
17
Calculate the remainder when 924 is divided by 103.
100
What is the remainder when 2503 is divided by 33?
28
What is the remainder when 544 is divided by 157?
73
What is the remainder when 2375 is divided by 298?
289
What is the remainder when 862 is divided by 48?
46
What is the remainder when 617 is divided by 79?
64
What is the remainder when 4585 is divided by 124?
121
Calculate the remainder when 337 is divided by 20.
17
What is the remainder when 49 is divided by 5?
4
Calculate the remainder when 9002 is divided by 23.
9
Calculate the remainder when 227 is divided by 58.
53
Calculate the remainder when 1001 is divided by 500.
1
Calculate the remainder when 44 is divided by 10.
4
Calculate the remainder when 7238 is divided by 7236.
2
What is the remainder when 381 is divided by 171?
39
Calculate the remainder when 1214 is divided by 297.
26
What is the remainder when 32 is divided by 12?
8
What is the remainder when 149 is divided by 38?
35
Calculate the remainder when 1090 is divided by 13.
11
What is the remainder when 496 is divided by 160?
16
Calculate the remainder when 311 is divided by 48.
23
What is the remainder when 945 is divided by 43?
42
Calculate the remainder when 173 is divided by 32.
13
Calculate the remainder when 445 is divided by 153.
139
Calculate the remainder when 616 is divided by 16.
8
Calculate the remainder when 4721 is divided by 105.
101
Calculate the remainder when 22 is divided by 5.
2
Calculate the remainder when 2068 is divided by 18.
16
What is the remainder when 141 is divided by 36?
33
Calculate the remainder when 82 is divided by 56.
26
Calculate the remainder when 143 is divided by 31.
19
What is the remainder when 351 is divided by 127?
97
Calculate the remainder when 4844 is divided by 63.
56
What is the remainder when 3422 is divided by 1700?
22
Calculate the remainder when 138 is divided by 39.
21
Calculate the remainder when 267 is divided by 56.
43
Calculate the remainder when 7965 is divided by 48.
45
Calculate the remainder when 37 is divided by 19.
18
Calculate the remainder when 10964 is divided by 24.
20
Calculate the remainder when 580 is divided